{"id":340930,"date":"2026-06-04T21:29:34","date_gmt":"2026-06-04T21:29:34","guid":{"rendered":"https:\/\/dobalmed.com\/?post_type=product&#038;p=340930"},"modified":"2026-06-05T00:16:50","modified_gmt":"2026-06-05T00:16:50","slug":"taller-nad","status":"publish","type":"product","link":"https:\/\/dobalmed.com\/en\/product\/taller-nad\/","title":{"rendered":"Taller NAD"},"content":{"rendered":"<p data-start=\"653\" data-end=\"677\"><strong data-start=\"653\" data-end=\"677\">Taller en L\u00ednea: NAD<\/strong><\/p>\n<p data-start=\"679\" data-end=\"999\">Forme parte de este taller especializado de <strong data-start=\"723\" data-end=\"744\">Academia ISCELL\u00b4S<\/strong>, dise\u00f1ado para profundizar en uno de los temas de mayor inter\u00e9s dentro de la salud integral y regenerativa: el papel del <strong data-start=\"866\" data-end=\"873\">NAD<\/strong> en la funci\u00f3n celular, la longevidad y distintos procesos relacionados con el envejecimiento y la recuperaci\u00f3n del organismo.<\/p>\n<p data-start=\"1001\" data-end=\"1217\">Al adquirir su acceso, podr\u00e1 visualizar el contenido del taller durante <strong data-start=\"1073\" data-end=\"1084\">30 d\u00edas<\/strong>, lo que le permitir\u00e1 estudiar a su ritmo, repasar los puntos m\u00e1s importantes y aprovechar de mejor manera la informaci\u00f3n presentada.<\/p>\n<p data-start=\"1219\" data-end=\"1256\">En este taller se abordan temas como:<\/p>\n<ul data-start=\"1258\" data-end=\"1597\">\n<li data-section-id=\"gviw5k\" data-start=\"1258\" data-end=\"1312\">por qu\u00e9 disminuyen los niveles de NAD con la edad,<\/li>\n<li data-section-id=\"b7iw0i\" data-start=\"1313\" data-end=\"1342\">NAD y reparaci\u00f3n del ADN,<\/li>\n<li data-section-id=\"15zw1gs\" data-start=\"1343\" data-end=\"1399\">relaci\u00f3n directa con la mitocondria y la longevidad,<\/li>\n<li data-section-id=\"1xc3wov\" data-start=\"1400\" data-end=\"1435\">s\u00edntomas de deficiencia de NAD,<\/li>\n<li data-section-id=\"17068cd\" data-start=\"1436\" data-end=\"1483\">v\u00edas de administraci\u00f3n y biodisponibilidad,<\/li>\n<li data-section-id=\"1t34jft\" data-start=\"1484\" data-end=\"1524\">protocolos regenerativos combinados,<\/li>\n<li data-section-id=\"17rsua0\" data-start=\"1525\" data-end=\"1597\">y su aplicaci\u00f3n en envejecimiento, menopausia y enfermedades cr\u00f3nicas.<\/li>\n<\/ul>\n<p data-start=\"1599\" data-end=\"1809\"><strong data-start=\"1599\" data-end=\"1654\">Este acceso es individual y requiere compra previa.<\/strong><br data-start=\"1654\" data-end=\"1657\" \/>Una vez confirmada su inscripci\u00f3n, el alumno contar\u00e1 con <strong data-start=\"1714\" data-end=\"1735\">30 d\u00edas de acceso<\/strong> al contenido del taller dentro de la plataforma de <strong data-start=\"1787\" data-end=\"1808\">Academia ISCELL\u00b4S<\/strong>.<\/p>\n<p data-start=\"1811\" data-end=\"2101\"><strong data-start=\"1811\" data-end=\"1826\">Importante:<\/strong><br data-start=\"1826\" data-end=\"1829\" \/>La secci\u00f3n <strong data-start=\"1840\" data-end=\"1861\">Academia ISCELL\u00b4S<\/strong> funciona como un espacio de formaci\u00f3n con talleres especializados. Cada taller se adquiere por separado, por lo que el acceso al contenido est\u00e1 disponible \u00fanicamente para alumnos inscritos o personas que realicen la compra correspondiente.<\/p>\n<p data-start=\"2103\" data-end=\"2201\"><strong data-start=\"2103\" data-end=\"2117\">Modalidad:<\/strong> En l\u00ednea<br data-start=\"2126\" data-end=\"2129\" \/><strong data-start=\"2129\" data-end=\"2153\">Duraci\u00f3n del acceso:<\/strong> 30 d\u00edas<br data-start=\"2161\" data-end=\"2164\" \/><strong data-start=\"2164\" data-end=\"2175\">Acceso:<\/strong> Personal e intransferible<\/p>","protected":false},"excerpt":{"rendered":"<p>Acceso al taller en l\u00ednea \u201cNAD\u201d de Academia ISCELL\u00b4S. Al adquirir este producto, obtendr\u00e1 acceso al contenido del taller durante 30 d\u00edas dentro de la plataforma. Ideal para profesionales de la salud y personas interesadas en profundizar en el papel del NAD, su relaci\u00f3n con la reparaci\u00f3n del ADN, la mitocondria, la longevidad y su aplicaci\u00f3n dentro de un enfoque integral y regenerativo.<\/p>","protected":false},"featured_media":340951,"comment_status":"open","ping_status":"closed","template":"","meta":{"_acf_changed":false,"_et_pb_use_builder":"","_et_pb_old_content":"","_et_gb_content_width":"","iawp_total_views":0,"_members_access_role":[],"_members_access_error":""},"product_brand":[],"product_cat":[70],"product_tag":[],"class_list":{"0":"post-340930","1":"product","2":"type-product","3":"status-publish","4":"has-post-thumbnail","6":"product_cat-taller","8":"first","9":"instock","10":"virtual","11":"purchasable","12":"product-type-simple"},"acf":[],"_links":{"self":[{"href":"https:\/\/dobalmed.com\/en\/wp-json\/wp\/v2\/product\/340930","targetHints":{"allow":["GET"]}}],"collection":[{"href":"https:\/\/dobalmed.com\/en\/wp-json\/wp\/v2\/product"}],"about":[{"href":"https:\/\/dobalmed.com\/en\/wp-json\/wp\/v2\/types\/product"}],"replies":[{"embeddable":true,"href":"https:\/\/dobalmed.com\/en\/wp-json\/wp\/v2\/comments?post=340930"}],"wp:featuredmedia":[{"embeddable":true,"href":"https:\/\/dobalmed.com\/en\/wp-json\/wp\/v2\/media\/340951"}],"wp:attachment":[{"href":"https:\/\/dobalmed.com\/en\/wp-json\/wp\/v2\/media?parent=340930"}],"wp:term":[{"taxonomy":"product_brand","embeddable":true,"href":"https:\/\/dobalmed.com\/en\/wp-json\/wp\/v2\/product_brand?post=340930"},{"taxonomy":"product_cat","embeddable":true,"href":"https:\/\/dobalmed.com\/en\/wp-json\/wp\/v2\/product_cat?post=340930"},{"taxonomy":"product_tag","embeddable":true,"href":"https:\/\/dobalmed.com\/en\/wp-json\/wp\/v2\/product_tag?post=340930"}],"curies":[{"name":"wp","href":"https:\/\/api.w.org\/{rel}","templated":true}]}}

<p data-start="653" data-end="677"><strong data-start="653" data-end="677">Taller en Línea: NAD</strong></p>
<p data-start="679" data-end="999">Forme parte de este taller especializado de <strong data-start="723" data-end="744">Academia ISCELL´S</strong>, diseñado para profundizar en uno de los temas de mayor interés dentro de la salud integral y regenerativa: el papel del <strong data-start="866" data-end="873">NAD</strong> en la función celular, la longevidad y distintos procesos relacionados con el envejecimiento y la recuperación del organismo.</p>
<p data-start="1001" data-end="1217">Al adquirir su acceso, podrá visualizar el contenido del taller durante <strong data-start="1073" data-end="1084">30 días</strong>, lo que le permitirá estudiar a su ritmo, repasar los puntos más importantes y aprovechar de mejor manera la información presentada.</p>
<p data-start="1219" data-end="1256">En este taller se abordan temas como:</p>
<ul data-start="1258" data-end="1597">
<li data-section-id="gviw5k" data-start="1258" data-end="1312">por qué disminuyen los niveles de NAD con la edad,</li>
<li data-section-id="b7iw0i" data-start="1313" data-end="1342">NAD y reparación del ADN,</li>
<li data-section-id="15zw1gs" data-start="1343" data-end="1399">relación directa con la mitocondria y la longevidad,</li>
<li data-section-id="1xc3wov" data-start="1400" data-end="1435">síntomas de deficiencia de NAD,</li>
<li data-section-id="17068cd" data-start="1436" data-end="1483">vías de administración y biodisponibilidad,</li>
<li data-section-id="1t34jft" data-start="1484" data-end="1524">protocolos regenerativos combinados,</li>
<li data-section-id="17rsua0" data-start="1525" data-end="1597">y su aplicación en envejecimiento, menopausia y enfermedades crónicas.</li>
</ul>
<p data-start="1599" data-end="1809"><strong data-start="1599" data-end="1654">Este acceso es individual y requiere compra previa.</strong><br data-start="1654" data-end="1657" />Una vez confirmada su inscripción, el alumno contará con <strong data-start="1714" data-end="1735">30 días de acceso</strong> al contenido del taller dentro de la plataforma de <strong data-start="1787" data-end="1808">Academia ISCELL´S</strong>.</p>
<p data-start="1811" data-end="2101"><strong data-start="1811" data-end="1826">Importante:</strong><br data-start="1826" data-end="1829" />La sección <strong data-start="1840" data-end="1861">Academia ISCELL´S</strong> funciona como un espacio de formación con talleres especializados. Cada taller se adquiere por separado, por lo que el acceso al contenido está disponible únicamente para alumnos inscritos o personas que realicen la compra correspondiente.</p>
<p data-start="2103" data-end="2201"><strong data-start="2103" data-end="2117">Modalidad:</strong> En línea<br data-start="2126" data-end="2129" /><strong data-start="2129" data-end="2153">Duración del acceso:</strong> 30 días<br data-start="2161" data-end="2164" /><strong data-start="2164" data-end="2175">Acceso:</strong> Personal e intransferible</p>

<p>Acceso al taller en línea “NAD” de Academia ISCELL´S. Al adquirir este producto, obtendrá acceso al contenido del taller durante 30 días dentro de la plataforma. Ideal para profesionales de la salud y personas interesadas en profundizar en el papel del NAD, su relación con la reparación del ADN, la mitocondria, la longevidad y su aplicación dentro de un enfoque integral y regenerativo.</p>
